{"id":3841,"date":"2024-01-09T17:08:39","date_gmt":"2024-01-09T17:08:39","guid":{"rendered":"http:\/\/mladite.ro\/?page_id=3841"},"modified":"2024-04-16T12:45:39","modified_gmt":"2024-04-16T12:45:39","slug":"despre-noi","status":"publish","type":"page","link":"https:\/\/mladite.ro\/index.php\/despre-noi\/","title":{"rendered":"Despre noi"},"content":{"rendered":"<p>[vc_row row_type=&#8221;parallax&#8221; content_width=&#8221;grid&#8221; full_screen_section_height=&#8221;no&#8221; parallax_background_image=&#8221;4254&#8243; css=&#8221;.vc_custom_1711115634082{padding-top: 137px !important;padding-bottom: 130px !important;}&#8221;][vc_column]\n<div class=\"qodef-custom-font-holder\" style=\"font-family: Milasian Circa Personal;font-size: 120px;line-height: 93px;font-weight: 400;text-align: center;color: #333333\" data-font-size= 120 data-line-height= 93>\nDespre noi<\/div>[vc_empty_space height=&#8221;30px&#8221;][\/vc_column][\/vc_row][vc_row content_width=&#8221;grid&#8221; css=&#8221;.vc_custom_1704821377704{padding-top: 110px !important;padding-bottom: 140px !important;background-color: #ffffff !important;}&#8221;][vc_column width=&#8221;1\/2&#8243; offset=&#8221;vc_col-lg-6 vc_col-md-12&#8243;][vc_empty_space height=&#8221;50px&#8221;][vc_column_text]<\/p>\n<h3>M\u0103d\u0103lina &amp; Victor<\/h3>\n<p>[\/vc_column_text][vc_column_text css=&#8221;.vc_custom_1704821609850{padding-right: 10% !important;}&#8221;]<span style=\"color: #000000;\">Ml\u0103di\u021be este proiectul nostru de suflet ce a \u00eenceput odat\u0103 cu bucuria de a deveni p\u0103rin\u021bi, urmat\u0103 cur\u00e2nd de dorin\u021ba de a oferi ce e mai bun copiilor no\u0219tri. Am creat un produs potrivit pentru nevoile bebelu\u0219ului, realizat din materiale naturale, vopsit cu plante si produs \u00een \u00eentregime \u00een Rom\u00e2nia.<\/span><\/p>\n<p><span style=\"color: #000000;\">Apari\u021bia unui nou n\u0103scut \u00een viata noastra ne-a schimbat percep\u021bia despre lume \u0219i ne-a trezit dorin\u021ba de a ne conecta c\u00e2t mai mult cu prezentul, dar \u0219i cu tradi\u021biile \u0219i vechile obiceiuri romanesti. Astfel am descoperit boitul sau vopsitul cu plante &#8211; un obicei mai pu\u021bin practicat \u00een zilele noastre, o adev\u0103rat\u0103 art\u0103 ce \u00eemplete\u0219te r\u0103bdarea cu creativitatea, pentru a ob\u021bine \u00een mod natural cele mai calde pasteluri.<\/span><\/p>\n<p><span style=\"color: #000000;\">Am unit o echip\u0103 de oameni pasiona\u021bi cu care \u00eemp\u0103rt\u0103\u0219im acelea\u0219i valori de calitate, naturale\u021be \u0219i simplitate. Am avut \u0219ansa s\u0103 g\u0103sim pentru fiecare element \u00een parte oameni care pun suflet \u00een munca lor, rezultatul fiind un trusou creat cu delicate\u021bea \u0219i grija pe care na\u0219ii o ofer\u0103 celui mic \u00een ziua botezului.<\/span>[\/vc_column_text][vc_empty_space height=&#8221;50px&#8221;][\/vc_column][vc_column width=&#8221;1\/2&#8243;][vc_single_image image=&#8221;4118&#8243; img_size=&#8221;full&#8221; onclick=&#8221;custom_link&#8221;][\/vc_column][\/vc_row][vc_row content_width=&#8221;grid&#8221; css=&#8221;.vc_custom_1467382740671{padding-top: 110px !important;padding-bottom: 130px !important;background-image: url(http:\/\/moments.select-themes.com\/wp-content\/uploads\/2016\/06\/landing-image-background-2.jpg?id=3686) !important;}&#8221;][vc_column offset=&#8221;vc_col-lg-3 vc_col-md-6&#8243;][vc_single_image image=&#8221;3850&#8243; img_size=&#8221;full&#8221; onclick=&#8221;custom_link&#8221;][\/vc_column][vc_column offset=&#8221;vc_col-lg-3 vc_col-md-6&#8243;][vc_single_image image=&#8221;3849&#8243; img_size=&#8221;full&#8221; onclick=&#8221;custom_link&#8221;][\/vc_column][vc_column css=&#8221;.vc_custom_1467377631428{padding-left: 11% !important;}&#8221; offset=&#8221;vc_col-lg-6 vc_col-md-12&#8243;][vc_empty_space height=&#8221;50px&#8221;][vc_column_text]<\/p>\n<h3>DeFlorian<\/h3>\n<p>[\/vc_column_text][vc_column_text]<span style=\"color: #000000;\">Materialul folosit pentru a crea acest trusou vopsit cu plante este muselin\u0103 organic\u0103 produs\u0103 \u00een Rom\u00e2nia de la DeFlorian. Am observat c\u00e2t este de important\u0103 calitatea materialului \u00een momentul vopsirii, \u0219i c\u00e2t de important este acest aspect \u00een felul \u00een care va fi captat\u0103 culoarea.<\/span>[\/vc_column_text][\/vc_column][\/vc_row][vc_row content_width=&#8221;grid&#8221; css=&#8221;.vc_custom_1467382763910{padding-top: 110px !important;padding-bottom: 140px !important;background-color: #ffffff !important;}&#8221;][vc_column width=&#8221;1\/2&#8243; offset=&#8221;vc_col-lg-6 vc_col-md-12&#8243;][vc_empty_space height=&#8221;50px&#8221;][vc_column_text]<\/p>\n<h3>Poart\u0103-m\u0103 cu flori<\/h3>\n<p>[\/vc_column_text][vc_column_text css=&#8221;.vc_custom_1704820522907{padding-right: 10% !important;}&#8221;]Norocul nostru a fost s\u0103 o descoperim pe Elena- Poart\u0103-m\u0103 cu flori ce ne-a captivat cu pasiunea ei pentru vopsitul cu plante. Fiecare culoare ob\u021binut\u0103 de ea pentru noi este o poveste, o particic\u0103 din pasiunea ei tradus\u0103 \u00een pigment.[\/vc_column_text][vc_empty_space height=&#8221;50px&#8221;][\/vc_column][vc_column width=&#8221;1\/4&#8243; offset=&#8221;vc_col-lg-3 vc_col-md-6&#8243;][vc_empty_space][vc_single_image image=&#8221;3857&#8243; img_size=&#8221;full&#8221; onclick=&#8221;custom_link&#8221;][\/vc_column][vc_column width=&#8221;1\/4&#8243;][vc_empty_space][vc_single_image image=&#8221;3860&#8243; img_size=&#8221;full&#8221; onclick=&#8221;custom_link&#8221;][\/vc_column][\/vc_row][vc_row content_width=&#8221;grid&#8221; css=&#8221;.vc_custom_1467382740671{padding-top: 110px !important;padding-bottom: 130px !important;background-image: url(http:\/\/moments.select-themes.com\/wp-content\/uploads\/2016\/06\/landing-image-background-2.jpg?id=3686) !important;}&#8221;][vc_column offset=&#8221;vc_col-lg-3 vc_col-md-6&#8243;][vc_empty_space][vc_single_image image=&#8221;3869&#8243; img_size=&#8221;full&#8221; onclick=&#8221;custom_link&#8221;][\/vc_column][vc_column offset=&#8221;vc_col-lg-3 vc_col-md-6&#8243;][vc_empty_space][vc_single_image image=&#8221;3870&#8243; img_size=&#8221;full&#8221; onclick=&#8221;custom_link&#8221;][\/vc_column][vc_column css=&#8221;.vc_custom_1467377631428{padding-left: 11% !important;}&#8221; offset=&#8221;vc_col-lg-6 vc_col-md-12&#8243;][vc_empty_space height=&#8221;1px&#8221;][vc_column_text]<\/p>\n<h3>Mova<\/h3>\n<p>[\/vc_column_text][vc_column_text]Pentru croit am ales s\u0103 colabor\u0103m cu Mova, \u00eenc\u0103 o persoan\u0103 care se implic\u0103 trup \u0219i suflet \u00een fiecare buc\u0103\u021bic\u0103 din trusoul pe care \u00eel cre\u0103m. Pe l\u00e2ng\u0103 experien\u021ba ei \u0219i aten\u021bia la detaliile de care are nevoie croirea acestui material fin, ne-a unit bucuria de a transforma aceste elemente \u00eentr-un produs special.[\/vc_column_text][\/vc_column][\/vc_row][vc_row content_width=&#8221;grid&#8221; css=&#8221;.vc_custom_1467382763910{padding-top: 110px !important;padding-bottom: 140px !important;background-color: #ffffff !important;}&#8221;][vc_column width=&#8221;1\/2&#8243; offset=&#8221;vc_col-lg-6 vc_col-md-12&#8243;][vc_empty_space height=&#8221;1px&#8221;][vc_column_text]<\/p>\n<h3>Pottery Paw<\/h3>\n<p>[\/vc_column_text][vc_column_text css=&#8221;.vc_custom_1704822760280{padding-right: 10% !important;}&#8221;]Ne-am dorit foarte mult ca fiecare obiect oferit \u00een trusou s\u0103 poat\u0103 fi mai apoi reutilizat de c\u0103tre cei ce \u00eel vor primi. \u00cempreun\u0103 cu Xantya de la Pottery Paw, am venit cu ideea de a crea sticlu\u021be de mir din ceramic\u0103, care s\u0103 p\u0103streze amintirea acelui moment plin de dragoste \u0219i lumin\u0103 \u00een cas\u0103.<\/p>\n<p>Realizarea lor ne-a dep\u0103\u0219it a\u0219tept\u0103rile, fiecare sticlu\u021b\u0103 \u00een parte fiind unic\u0103 \u00een felul ei prin form\u0103, textur\u0103 \u0219i culoare, asemenea fiec\u0103rei familii \u00een parte.[\/vc_column_text][vc_empty_space height=&#8221;1px&#8221;][\/vc_column][vc_column width=&#8221;1\/4&#8243; offset=&#8221;vc_col-lg-3 vc_col-md-6&#8243;][vc_empty_space][vc_single_image image=&#8221;3903&#8243; img_size=&#8221;full&#8221; onclick=&#8221;custom_link&#8221;][\/vc_column][vc_column width=&#8221;1\/4&#8243;][vc_empty_space][vc_single_image image=&#8221;3911&#8243; img_size=&#8221;full&#8221; onclick=&#8221;custom_link&#8221;][\/vc_column][\/vc_row][vc_row content_width=&#8221;grid&#8221; css=&#8221;.vc_custom_1467382740671{padding-top: 110px !important;padding-bottom: 130px !important;background-image: url(http:\/\/moments.select-themes.com\/wp-content\/uploads\/2016\/06\/landing-image-background-2.jpg?id=3686) !important;}&#8221;][vc_column offset=&#8221;vc_col-lg-3 vc_col-md-6&#8243;][vc_empty_space][vc_single_image image=&#8221;3906&#8243; img_size=&#8221;full&#8221; onclick=&#8221;custom_link&#8221;][\/vc_column][vc_column offset=&#8221;vc_col-lg-3 vc_col-md-6&#8243;][vc_empty_space][vc_single_image image=&#8221;3907&#8243; img_size=&#8221;full&#8221; onclick=&#8221;custom_link&#8221;][\/vc_column][vc_column css=&#8221;.vc_custom_1467377631428{padding-left: 11% !important;}&#8221; offset=&#8221;vc_col-lg-6 vc_col-md-12&#8243;][vc_empty_space height=&#8221;50px&#8221;][vc_column_text]<\/p>\n<h3>Marilyn Soap<\/h3>\n<p>[\/vc_column_text][vc_column_text]Un alt element unde ne-am putut juca \u00eempreun\u0103 cu Marilyn Soap a fost crearea unui s\u0103pun bl\u00e2nd cu pielea bebelu\u0219ului, compus din ingrediente naturale \u0219i cu un miros pl\u0103p\u00e2nd ca \u0219i plantele din care a fost creat.[\/vc_column_text][\/vc_column][\/vc_row][vc_row content_width=&#8221;grid&#8221; css=&#8221;.vc_custom_1467382763910{padding-top: 110px !important;padding-bottom: 140px !important;background-color: #ffffff !important;}&#8221;][vc_column width=&#8221;1\/2&#8243; offset=&#8221;vc_col-lg-6 vc_col-md-12&#8243;][vc_empty_space height=&#8221;50px&#8221;][vc_column_text]<\/p>\n<h3>Co\u0219uri r\u0103chit\u0103<\/h3>\n<p>[\/vc_column_text][vc_column_text css=&#8221;.vc_custom_1704822850436{padding-right: 10% !important;}&#8221;]Co\u0219urile din rachit\u0103 natural\u0103, au fost \u0219i ele \u00eempletite manual \u00een Harghita, unind \u0219i p\u0103str\u00e2nd toate celelalte elementele ale trusoului \u0219i transform\u00e2ndu-le \u00eentr-un basm.[\/vc_column_text][vc_empty_space height=&#8221;50px&#8221;][\/vc_column][vc_column width=&#8221;1\/4&#8243; offset=&#8221;vc_col-lg-3 vc_col-md-6&#8243;][vc_empty_space][vc_single_image image=&#8221;3909&#8243; img_size=&#8221;full&#8221; onclick=&#8221;custom_link&#8221;][\/vc_column][vc_column width=&#8221;1\/4&#8243;][vc_empty_space][vc_single_image image=&#8221;3908&#8243; img_size=&#8221;full&#8221; onclick=&#8221;custom_link&#8221;][\/vc_column][\/vc_row][vc_row content_width=&#8221;grid&#8221; css=&#8221;.vc_custom_1467382740671{padding-top: 110px !important;padding-bottom: 130px !important;background-image: url(http:\/\/moments.select-themes.com\/wp-content\/uploads\/2016\/06\/landing-image-background-2.jpg?id=3686) !important;}&#8221;][vc_column offset=&#8221;vc_col-lg-3 vc_col-md-6&#8243;][vc_empty_space][vc_single_image image=&#8221;4262&#8243; img_size=&#8221;full&#8221; onclick=&#8221;custom_link&#8221;][\/vc_column][vc_column offset=&#8221;vc_col-lg-3 vc_col-md-6&#8243;][vc_empty_space][vc_single_image image=&#8221;4263&#8243; img_size=&#8221;full&#8221; onclick=&#8221;custom_link&#8221;][\/vc_column][vc_column css=&#8221;.vc_custom_1467377631428{padding-left: 11% !important;}&#8221; offset=&#8221;vc_col-lg-6 vc_col-md-12&#8243;][vc_empty_space height=&#8221;50px&#8221;][vc_column_text]<\/p>\n<h3>Plant\u0103m un copac pentru fiecare trusou<\/h3>\n<p>[\/vc_column_text][vc_column_text]Credem c\u0103 \u00eempreun\u0103 putem face o schimbare \ud83c\udf31 Pentru fiecare trusou comandat, dorim s\u0103 d\u0103ruim naturii un cadou: \u00eempreun\u0103 cu voi \u0219i prietenii de la Asocia\u021bia Mai Mult Verde, vom planta c\u00e2te un copac \u00een Rom\u00e2nia! Fiecare gest conteaz\u0103 pentru un mediu mai curat \u0219i mai frumos de care s\u0103 ne putem bucura \u00eempreun\u0103![\/vc_column_text][\/vc_column][\/vc_row][vc_row content_width=&#8221;grid&#8221; content_aligment=&#8221;center&#8221; css=&#8221;.vc_custom_1467377164434{padding-top: 100px !important;padding-bottom: 120px !important;background-color: #f2f2f2 !important;}&#8221;][vc_column][vc_column_text][\/vc_column_text][vc_empty_space height=&#8221;12px&#8221;]\n<div class=\"qodef-custom-font-holder\" style=\"font-family: Raleway;font-size: 17px;line-height: 27px;font-weight: 400;text-align: center;color: #7c7c7c\" data-font-size= 17 data-line-height= 27>\nNoi suntem M\u0103d\u0103lina \u0219i Victor, oamenii din spatele acestei povesti de \u00eenceput de drum. Speram sa descoperiti alaturi de noi trusourile Mladite din elemente naturale, inspirate de obiceiuri vechi \u0219i oameni care pun suflet \u00een tot ceea ce creeaz\u0103.<\/div>[\/vc_column][vc_column][\/vc_column][\/vc_row]<\/p>\n","protected":false},"excerpt":{"rendered":"<p>[vc_row row_type=&#8221;parallax&#8221; content_width=&#8221;grid&#8221; full_screen_section_height=&#8221;no&#8221; parallax_background_image=&#8221;4254&#8243; css=&#8221;.vc_custom_1711115634082{padding-top: 137px !important;padding-bottom: 130px !important;}&#8221;][vc_column][vc_empty_space height=&#8221;30px&#8221;][\/vc_column][\/vc_row][vc_row content_width=&#8221;grid&#8221; css=&#8221;.vc_custom_1704821377704{padding-top: 110px !important;padding-bottom: 140px !important;background-color: #ffffff !important;}&#8221;][vc_column width=&#8221;1\/2&#8243; offset=&#8221;vc_col-lg-6 vc_col-md-12&#8243;][vc_empty_space height=&#8221;50px&#8221;][vc_column_text] M\u0103d\u0103lina &amp; Victor [\/vc_column_text][vc_column_text css=&#8221;.vc_custom_1704821609850{padding-right: 10% !important;}&#8221;]Ml\u0103di\u021be este proiectul nostru de suflet ce a \u00eenceput odat\u0103 cu bucuria de a deveni p\u0103rin\u021bi, urmat\u0103 cur\u00e2nd de dorin\u021ba de a oferi ce e mai bun copiilor no\u0219tri. Am creat un produs potrivit pentru nevoile bebelu\u0219ului, realizat din materiale naturale, vopsit cu plante si produs \u00een \u00eentregime \u00een Rom\u00e2nia. Apari\u021bia unui nou n\u0103scut \u00een viata noastra ne-a schimbat percep\u021bia despre&#8230;<\/p>\n","protected":false},"author":1,"featured_media":0,"parent":0,"menu_order":0,"comment_status":"closed","ping_status":"closed","template":"full-width.php","meta":{"_acf_changed":false,"footnotes":""},"class_list":["post-3841","page","type-page","status-publish","hentry"],"acf":[],"_links":{"self":[{"href":"https:\/\/mladite.ro\/index.php\/wp-json\/wp\/v2\/pages\/3841","targetHints":{"allow":["GET"]}}],"collection":[{"href":"https:\/\/mladite.ro\/index.php\/wp-json\/wp\/v2\/pages"}],"about":[{"href":"https:\/\/mladite.ro\/index.php\/wp-json\/wp\/v2\/types\/page"}],"author":[{"embeddable":true,"href":"https:\/\/mladite.ro\/index.php\/wp-json\/wp\/v2\/users\/1"}],"replies":[{"embeddable":true,"href":"https:\/\/mladite.ro\/index.php\/wp-json\/wp\/v2\/comments?post=3841"}],"version-history":[{"count":49,"href":"https:\/\/mladite.ro\/index.php\/wp-json\/wp\/v2\/pages\/3841\/revisions"}],"predecessor-version":[{"id":4253,"href":"https:\/\/mladite.ro\/index.php\/wp-json\/wp\/v2\/pages\/3841\/revisions\/4253"}],"wp:attachment":[{"href":"https:\/\/mladite.ro\/index.php\/wp-json\/wp\/v2\/media?parent=3841"}],"curies":[{"name":"wp","href":"https:\/\/api.w.org\/{rel}","templated":true}]}}